2) to base 2.
-1111010011001000000
What is 2250304 (base 6) in base 14?
3010c
What is -52642160 (base 7) in base 3?
-22101210210002
121111212202 (base 4) to base 16
6559a2
Convert -3222742 (base 8) to base 2.
-11010010010111100010
31035230 (base 6) to base 4
3121222002
What is 1752422 (base 8) in base 13?
14c836
97231 (base 13) to base 15
55c71
9bd26 (base 14) to base 3
201020012220
-296c7 (base 15) to base 4
-200200222
1000100011011100000 (base 2) to base 3
112020111001
233201002 (base 4) to base 13
6a783
Convert -2d533 (base 14) to base 8.
-335571
-3434421211 (base 5) to base 7
-122504155
What is 23030103103 (base 4) in base 3?
12112001122121
Convert -14ad687 (base 14) to base 2.
-100110100010010011000111
What is -3101202423 (base 5) in base 14?
-b93b30
110101110000011000 (base 2) to base 4
311300120
Convert 3182738 (base 9) to base 6.
100335012
Convert -4222120 (base 5) to base 10.
-70285
11120220221101 (base 3) to base 5
1111023230
What is 2112232 (base 5) in base 7?
204652
Convert -30232010 (base 4) to base 2.
-1100101110000100
-3201210002 (base 4) to base 16
-e1902
-10000000000011110 (base 2) to base 13
-23ac7
Convert -100443101 (base 7) to base 13.
-1297535
8c8590 (base 13) to base 6
155224050
2b86b (base 15) to base 13
4bb06
-126d705 (base 15) to base 5
-11343233310
What is 212020012101 (base 3) in base 6?
13444444
-2f82b (base 16) to base 9
-325845
What is -114ab0 (base 12) in base 16?
-43e24
122102012 (base 3) to base 4
3012113
579b4 (base 16) to base 3
200020020020
Convert -c6b74 (base 14) to base 11.
-2a8464
What is -325964 (base 13) in base 14?
-22b4a1
What is 98b50 (base 13) in base 12?
114059
384d8 (base 15) to base 13
63bc6
Convert 2668914 (base 11) to base 10.
4609026
Convert 1094c (base 14) to base 8.
116470
Convert 225454 (base 6) to base 2.
100101111001010
What is a2ac39 (base 14) in base 13?
11a0717
b28133 (base 12) to base 16
2a9cb7
112211122002 (base 3) to base 16
474dd
Convert -422244033 (base 5) to base 6.
-101412432
13f35 (base 16) to base 8
237465
What is -51359 (base 14) in base 16?
-2fba3
What is 1b43 (base 16) in base 12?
4057
Convert 12c042d (base 14) to base 3.
122001122120212
What is -3cb791 (base 13) in base 12?
-5b5827
What is 6f2b7d (base 16) in base 13?
1681230
Convert 12d034 (base 15) to base 7.
10455112
What is -213b1 (base 16) in base 5?
-13323423
Convert -211021022 (base 3) to base 13.
-750b
Convert 12343230 (base 6) to base 12.
174b16
-10a4b (base 14) to base 5
-2243233
Convert -1101001100110000010011 (base 2) to base 13.
-941c09
2011665 (base 7) to base 3
110010000000
Convert 15ecb (base 15) to base 11.
49251
Convert 26d1bc (base 14) to base 2.
101000111101011100010
-53156306 (base 7) to base 9
-8421132
What is 16a2a2 (base 12) in base 2?
1011111011100011010
Convert -100000011000011111010 (base 2) to base 4.
-10003003322
-6f04b (base 16) to base 4
-1233001023
Convert -141010 (base 11) to base 10.
-220957
What is 18664 (base 14) in base 6?
1153200
What is 1211400 (base 5) in base 2?
101100011000101
Convert 432445 (base 6) to base 2.
1000101100001101
Convert -20075377 (base 8) to base 7.
-50630043
What is -b9346 (base 16) in base 7?
-6306441
Convert 156033 (base 7) to base 12.
15a66
What is -28ad8b (base 15) in base 7?
-22443623
What is 71802 (base 9) in base 7?
254630
Convert 43dcb (base 15) to base 16.
34abd
What is -69c8a9 (base 13) in base 10?
-2512662
303760 (base 11) to base 12
1b6537
What is 4230314 (base 5) in base 13?
26252
Convert 445979 (base 16) to base 2.
10001000101100101111001
b3217 (base 14) to base 3
210220112011
-27d759 (base 14) to base 5
-323203213
What is 12c52 (base 14) in base 6?
554252
What is 214b85 (base 12) in base 6?
15143445
Convert -131022 (base 6) to base 9.
-17275
Convert 69a56 (base 11) to base 9.
163608
Convert -28048 (base 13) to base 6.
-1334034
122442 (base 7) to base 16
57f9
What is -4d5452 (base 15) in base 10?
-3713477
-320010020 (base 4) to base 12
-b0a88
50587 (base 9) to base 4
20020021
Convert 2260455 (base 7) to base 16.
453a2
-73574 (base 11) to base 2
-11010001010011110
1164552 (base 15) to base 11
7046807
What is -2121022110102 (base 3) in base 11?
-865891
What is 2324001 (base 9) in base 2?
100110010101010000100
ab813 (base 12) to base 9
376106
Convert 953a3 (base 11) to base 9.
231473
What is -11011122202 (base 3) in base 13?
-2b4c6
101011122220121 (base 3) to base 11
3062837
What is 1101000001111000111 (base 2) in base 11?
271858
Convert -171503 (base 8) to base 12.
-30057
Convert 107d86 (base 16) to base 11.
678a54
Convert 10100001011000000 (base 2) to base 14.
2217a
-230551050 (base 6) to base 10
-4244646
-400dc (base 15) to base 8
-613723
111111011001011011000 (base 2) to base 9
3815582
What is -12000022020 (base 3) in base 6?
-2040353
Convert 25161523 (base 7) to base 9.
4234844
What is -11010200222222 (base 3) in base 8?
-10306207
What is 2234121 (base 6) in base 14?
2d5cd
Convert -32132311010 (base 4) to base 3.
-21010212112102
What is -1044113033 (base 5) in base 15?
-311098
What is -6c529 (base 14) in base 4?
-1000203321
Convert -3441430304 (base 5) to base 12.
-272539a
Convert 1640c0 (base 13) to base 12.
22726b
What is -333133011 (base 4) in base 15?
-520ac
What is 221733 (base 8) in base 4?
102033123
What is -732a0 (base 11) in base 3?
-12102112202
Convert 32224412 (base 5) to base 11.
177728
222202012100 (base 3) to base 15
a5edc
What is -1115210 (base 8) in base 16?
-49a88
1000010001011101110010001 (base 2) to base 3
1012122110001212
What is 222001120021022 (base 3) in base 5?
12021121111
Convert 15356b (base 12) to base 4.
1113201203
382cd (base 14) to base 4
201220231
-3c0ff (base 16) to base 4
-330003333
What is 13123302012 (base 4) in base 14?
38a2c6
-13287377 (base 9) to base 15
-896ab4
Convert 102002121 (base 3) to base 10.
8089
What is -143d51 (base 14) in base 3?
-1022200102120
-1357a1 (base 11) to base 6
-4320111
Convert -471253 (base 8) to base 15.
-32802
-4143a8 (base 12) to base 3
-1221000000202
Convert -122031310111 (base 4) to base 7.
-112261660
-192566 (base 12) to base 16
-6b59e
What is 1333112010 (base 4) in base 12?
211a30
Convert -20320000320 (base 4) to base 5.
-1043422314
What is -4bbe7 (base 15) in base 9?
-408351
Convert -3801085 (base 10) to base 5.
-1433113320
-100303003200 (base 4) to base 3
-22021201100210
What is -31785 (base 9) in base 15?
-638b
Convert 27257721 (base 8) to base 12.
2071381
What is -4c0dcc (base 15) in base 4?
-31322221311
8345722 (base 9) to base 6
235324115
What is -445404 (base 8) in base 10?
-150276
Convert 69341 (base 12) to base 14.
39281
What is 10110010111100100111 (base 2) in base 16?
b2f27
What is -5129ea (base 15) in base 16?
-3ad86f
What is -116716 (base 8) in base 14?
-10a18
-203533 (base 10) to base 8
-615415
5059aa (base 12) to base 14
249118
450089 (base 13) to base 7
16560422
Convert -62172 (base 12) to base 15.
-27e52
Convert 443551 (base 8) to base 15.
2e3bd
Convert -10295 (base 10) to base 7.
-42005
What is 113120 (base 7) in base 12?
b8b8
Convert 31535 (base 12) to base 4.
33302321
What is 4032424 (base 6) in base 3?
100201010221
Convert -4440415 (base 6) to base 5.
-24114232
4207572 (base 8) to base 14
211666
100111010000111101010100 (base 2) to base 12
3544784
Convert 13130042 (base 5) to base 10.
130022
681333 (base 12) to base 15
22c289
Convert 1ea056 (base 16) to base 9.
3688230
1006001 (base 8) to base 4
1000300001
Convert 1062b (base 13) to base 11.
20280
Convert -2232000331 (base 4) to base 9.
-1305651
What is b4a41a (base 15) in base 8?
40611734
Convert 124313 (base 7) to base 13.
a6bb
What is 2365344 (base 7) in base 16?
49bc3
45339 (base 11) to base 4
100001120
Convert -230a1 (base 16) to base 14.
-3a437
Convert 152024302 (base 6) to base 13.
8728c1
Convert -2a62b1 (base 13) to base 6.
-34155232
What is -86845d (base 15) in base 9?
-13044347
-11001010001001000011101 (base 2) to base 3
-110110112002221
193291 (base 10) to base 15
3c411
Convert 1101101011011001010110 (base 2) to base 14.
6949dc
-101000100000010110 (base 2) to base 8
-504026
183000 (base 9) to base 11
78496
Convert -11165590 (base 10) to base 11.
-6336967
Convert -2e332f (base 16) to base 4.
-23203030233
Convert -11110011000110011000010 (base 2) to base 7.
-124465112
What is -12330045 (base 6) i